{"id":35,"date":"2021-03-03T09:03:30","date_gmt":"2021-03-03T09:03:30","guid":{"rendered":"https:\/\/staging.maengelmanagement-software.de\/?page_id=35"},"modified":"2022-11-01T13:04:44","modified_gmt":"2022-11-01T13:04:44","slug":"kontakt","status":"publish","type":"page","link":"https:\/\/maengelmanagement-software.de\/index.php\/kontakt\/","title":{"rendered":"Kontakt"},"content":{"rendered":"\t\t<div data-elementor-type=\"wp-page\" data-elementor-id=\"35\" class=\"elementor elementor-35\">\n\t\t\t\t\t\t<section class=\"elementor-section elementor-top-section elementor-element elementor-element-3b80e8f elementor-section-boxed elementor-section-height-default elementor-section-height-default\" data-id=\"3b80e8f\" data-element_type=\"section\" data-e-type=\"section\">\n\t\t\t\t\t\t<div class=\"elementor-container elementor-column-gap-default\">\n\t\t\t\t\t<div class=\"elementor-column elementor-col-100 elementor-top-column elementor-element elementor-element-c378d3d\" data-id=\"c378d3d\" data-element_type=\"column\" data-e-type=\"column\">\n\t\t\t<div class=\"elementor-widget-wrap elementor-element-populated\">\n\t\t\t\t\t\t<div class=\"elementor-element elementor-element-2d2727a elementor-widget elementor-widget-heading\" data-id=\"2d2727a\" data-element_type=\"widget\" data-e-type=\"widget\" data-widget_type=\"heading.default\">\n\t\t\t\t<div class=\"elementor-widget-container\">\n\t\t\t\t\t<h1 class=\"elementor-heading-title elementor-size-default\">Wir freuen uns auf Ihre Nachricht!<\/h1>\t\t\t\t<\/div>\n\t\t\t\t<\/div>\n\t\t\t\t<div class=\"elementor-element elementor-element-f3c3e7b elementor-widget elementor-widget-spacer\" data-id=\"f3c3e7b\" data-element_type=\"widget\" data-e-type=\"widget\" data-widget_type=\"spacer.default\">\n\t\t\t\t<div class=\"elementor-widget-container\">\n\t\t\t\t\t\t\t<div class=\"elementor-spacer\">\n\t\t\t<div class=\"elementor-spacer-inner\"><\/div>\n\t\t<\/div>\n\t\t\t\t\t\t<\/div>\n\t\t\t\t<\/div>\n\t\t\t\t<section class=\"elementor-section elementor-inner-section elementor-element elementor-element-01fe07f elementor-section-boxed elementor-section-height-default elementor-section-height-default\" data-id=\"01fe07f\" data-element_type=\"section\" data-e-type=\"section\">\n\t\t\t\t\t\t<div class=\"elementor-container elementor-column-gap-default\">\n\t\t\t\t\t<div class=\"elementor-column elementor-col-50 elementor-inner-column elementor-element elementor-element-12cacba\" data-id=\"12cacba\" data-element_type=\"column\" data-e-type=\"column\">\n\t\t\t<div class=\"elementor-widget-wrap elementor-element-populated\">\n\t\t\t\t\t\t<div class=\"elementor-element elementor-element-8ad75f9 elementor-widget elementor-widget-text-editor\" data-id=\"8ad75f9\" data-element_type=\"widget\" data-e-type=\"widget\" data-widget_type=\"text-editor.default\">\n\t\t\t\t<div class=\"elementor-widget-container\">\n\t\t\t\t\t\t\t\t\t\n\t\t\t\t\t\t<script>\n\t\t\t\t\t\t\twindow.hsFormsOnReady = window.hsFormsOnReady || [];\n\t\t\t\t\t\t\twindow.hsFormsOnReady.push(()=>{\n\t\t\t\t\t\t\t\thbspt.forms.create({\n\t\t\t\t\t\t\t\t\tportalId: 9154297,\n\t\t\t\t\t\t\t\t\tformId: \"5674c5c5-1ec7-4cdc-bb36-bc18f71298b7\",\n\t\t\t\t\t\t\t\t\ttarget: \"#hbspt-form-1776846945000-2737648445\",\n\t\t\t\t\t\t\t\t\tregion: \"na1\",\n\t\t\t\t\t\t\t\t\t\n\t\t\t\t\t\t\t})});\n\t\t\t\t\t\t<\/script>\n\t\t\t\t\t\t<div class=\"hbspt-form\" id=\"hbspt-form-1776846945000-2737648445\"><\/div>\t\t\t\t\t\t\t\t<\/div>\n\t\t\t\t<\/div>\n\t\t\t\t\t<\/div>\n\t\t<\/div>\n\t\t\t\t<div class=\"elementor-column elementor-col-50 elementor-inner-column elementor-element elementor-element-e9d091f\" data-id=\"e9d091f\" data-element_type=\"column\" data-e-type=\"column\">\n\t\t\t<div class=\"elementor-widget-wrap elementor-element-populated\">\n\t\t\t\t\t\t<div class=\"elementor-element elementor-element-b376eee elementor-widget elementor-widget-google_maps\" data-id=\"b376eee\" data-element_type=\"widget\" data-e-type=\"widget\" data-widget_type=\"google_maps.default\">\n\t\t\t\t<div class=\"elementor-widget-container\">\n\t\t\t\t\t\t\t<div class=\"elementor-custom-embed\">\n\t\t\t <div class=\"brlbs-cmpnt-container brlbs-cmpnt-content-blocker brlbs-cmpnt-with-individual-styles\" data-borlabs-cookie-content-blocker-id=\"google-maps\" data-borlabs-cookie-content=\"PGlmcmFtZSBsb2FkaW5nPSJsYXp5IgoJCQkJCXNyYz0iaHR0cHM6Ly9tYXBzLmdvb2dsZS5jb20vbWFwcz9xPU1hcmtzdHJhJUMzJTlGZSUyMDQ3LTQ5JTJDJTIwNjQ0MDElMjBHcm8lQzMlOUYtQmllYmVyYXUmIzAzODt0PW0mIzAzODt6PTEwJiMwMzg7b3V0cHV0PWVtYmVkJiMwMzg7aXdsb2M9bmVhciIKCQkJCQl0aXRsZT0iTWFya3N0cmHDn2UgNDctNDksIDY0NDAxIEdyb8OfLUJpZWJlcmF1IgoJCQkJCWFyaWEtbGFiZWw9Ik1hcmtzdHJhw59lIDQ3LTQ5LCA2NDQwMSBHcm\/Dny1CaWViZXJhdSIKCQkJPjwvaWZyYW1lPg==\"><div class=\"brlbs-cmpnt-cb-preset-b brlbs-cmpnt-cb-google-maps\"> <div class=\"brlbs-cmpnt-cb-thumbnail\" style=\"background-image: url('https:\/\/maengelmanagement-software.de\/wp-content\/uploads\/borlabs-cookie\/1\/brlbs-cb-google-maps-main.png')\"><\/div> <div class=\"brlbs-cmpnt-cb-main\"> <div class=\"brlbs-cmpnt-cb-content\"> <p class=\"brlbs-cmpnt-cb-description\">Sie sehen gerade einen Platzhalterinhalt von <strong>Google Maps<\/strong>. Um auf den eigentlichen Inhalt zuzugreifen, klicken Sie auf die Schaltfl\u00e4che unten. Bitte beachten Sie, dass dabei Daten an Drittanbieter weitergegeben werden.<\/p> <a class=\"brlbs-cmpnt-cb-provider-toggle\" href=\"#\" data-borlabs-cookie-show-provider-information role=\"button\">Mehr Informationen<\/a> <\/div> <div class=\"brlbs-cmpnt-cb-buttons\"> <a class=\"brlbs-cmpnt-cb-btn\" href=\"#\" data-borlabs-cookie-unblock role=\"button\">Inhalt entsperren<\/a> <a class=\"brlbs-cmpnt-cb-btn\" href=\"#\" data-borlabs-cookie-accept-service role=\"button\" style=\"display: inherit\">Erforderlichen Service akzeptieren und Inhalte entsperren<\/a> <\/div> <\/div> <\/div><\/div>\n\t\t<\/div>\n\t\t\t\t\t\t<\/div>\n\t\t\t\t<\/div>\n\t\t\t\t\t<\/div>\n\t\t<\/div>\n\t\t\t\t\t<\/div>\n\t\t<\/section>\n\t\t\t\t\t<\/div>\n\t\t<\/div>\n\t\t\t\t\t<\/div>\n\t\t<\/section>\n\t\t\t\t<\/div>\n\t\t","protected":false},"excerpt":{"rendered":"<p>Wir freuen uns auf Ihre Nachricht! Sie sehen gerade einen Platzhalterinhalt von Google Maps. Um auf den eigentlichen Inhalt zuzugreifen, klicken Sie auf die Schaltfl\u00e4che unten. Bitte beachten Sie, dass dabei Daten an Drittanbieter weitergegeben werden. Mehr Informationen Inhalt entsperren Erforderlichen Service akzeptieren und Inhalte entsperren<\/p>\n","protected":false},"author":2,"featured_media":0,"parent":0,"menu_order":6,"comment_status":"closed","ping_status":"closed","template":"","meta":{"content-type":"","footnotes":""},"class_list":["post-35","page","type-page","status-publish","hentry"],"yoast_head":"<!-- This site is optimized with the Yoast SEO plugin v27.3 - https:\/\/yoast.com\/product\/yoast-seo-wordpress\/ -->\n<title>Kontakt - MMS - M\u00e4ngelmanagement mit System<\/title>\n<meta name=\"description\" content=\"Wie k\u00f6nnen wir Ihnen weiterhelfen? Haben Sie Fragen oder Anregungen zur M\u00e4ngelmanagement-Software mms? Dann freuen wir uns auf Ihre Nachricht.\" \/>\n<meta name=\"robots\" content=\"index, follow, max-snippet:-1, max-image-preview:large, max-video-preview:-1\" \/>\n<link rel=\"canonical\" href=\"https:\/\/maengelmanagement-software.de\/index.php\/kontakt\/\" \/>\n<meta property=\"og:locale\" content=\"de_DE\" \/>\n<meta property=\"og:type\" content=\"article\" \/>\n<meta property=\"og:title\" content=\"Kontakt - MMS - M\u00e4ngelmanagement mit System\" \/>\n<meta property=\"og:description\" content=\"Wie k\u00f6nnen wir Ihnen weiterhelfen? Haben Sie Fragen oder Anregungen zur M\u00e4ngelmanagement-Software mms? Dann freuen wir uns auf Ihre Nachricht.\" \/>\n<meta property=\"og:url\" content=\"https:\/\/maengelmanagement-software.de\/index.php\/kontakt\/\" \/>\n<meta property=\"og:site_name\" content=\"MMS - M\u00e4ngelmanagement mit System\" \/>\n<meta property=\"article:modified_time\" content=\"2022-11-01T13:04:44+00:00\" \/>\n<meta name=\"twitter:card\" content=\"summary_large_image\" \/>\n<meta name=\"twitter:label1\" content=\"Gesch\u00e4tzte Lesezeit\" \/>\n\t<meta name=\"twitter:data1\" content=\"1\u00a0Minute\" \/>\n<script type=\"application\/ld+json\" class=\"yoast-schema-graph\">{\"@context\":\"https:\\\/\\\/schema.org\",\"@graph\":[{\"@type\":\"WebPage\",\"@id\":\"https:\\\/\\\/maengelmanagement-software.de\\\/index.php\\\/kontakt\\\/\",\"url\":\"https:\\\/\\\/maengelmanagement-software.de\\\/index.php\\\/kontakt\\\/\",\"name\":\"Kontakt - MMS - M\u00e4ngelmanagement mit System\",\"isPartOf\":{\"@id\":\"https:\\\/\\\/maengelmanagement-software.de\\\/#website\"},\"datePublished\":\"2021-03-03T09:03:30+00:00\",\"dateModified\":\"2022-11-01T13:04:44+00:00\",\"description\":\"Wie k\u00f6nnen wir Ihnen weiterhelfen? Haben Sie Fragen oder Anregungen zur M\u00e4ngelmanagement-Software mms? Dann freuen wir uns auf Ihre Nachricht.\",\"breadcrumb\":{\"@id\":\"https:\\\/\\\/maengelmanagement-software.de\\\/index.php\\\/kontakt\\\/#breadcrumb\"},\"inLanguage\":\"de\",\"potentialAction\":[{\"@type\":\"ReadAction\",\"target\":[\"https:\\\/\\\/maengelmanagement-software.de\\\/index.php\\\/kontakt\\\/\"]}]},{\"@type\":\"BreadcrumbList\",\"@id\":\"https:\\\/\\\/maengelmanagement-software.de\\\/index.php\\\/kontakt\\\/#breadcrumb\",\"itemListElement\":[{\"@type\":\"ListItem\",\"position\":1,\"name\":\"Startseite\",\"item\":\"https:\\\/\\\/maengelmanagement-software.de\\\/\"},{\"@type\":\"ListItem\",\"position\":2,\"name\":\"Kontakt\"}]},{\"@type\":\"WebSite\",\"@id\":\"https:\\\/\\\/maengelmanagement-software.de\\\/#website\",\"url\":\"https:\\\/\\\/maengelmanagement-software.de\\\/\",\"name\":\"MMS - M\u00e4ngelmanagement mit System\",\"description\":\"\",\"publisher\":{\"@id\":\"https:\\\/\\\/maengelmanagement-software.de\\\/#organization\"},\"potentialAction\":[{\"@type\":\"SearchAction\",\"target\":{\"@type\":\"EntryPoint\",\"urlTemplate\":\"https:\\\/\\\/maengelmanagement-software.de\\\/?s={search_term_string}\"},\"query-input\":{\"@type\":\"PropertyValueSpecification\",\"valueRequired\":true,\"valueName\":\"search_term_string\"}}],\"inLanguage\":\"de\"},{\"@type\":\"Organization\",\"@id\":\"https:\\\/\\\/maengelmanagement-software.de\\\/#organization\",\"name\":\"MMS - M\u00e4ngelmanagement mit System\",\"url\":\"https:\\\/\\\/maengelmanagement-software.de\\\/\",\"logo\":{\"@type\":\"ImageObject\",\"inLanguage\":\"de\",\"@id\":\"https:\\\/\\\/maengelmanagement-software.de\\\/#\\\/schema\\\/logo\\\/image\\\/\",\"url\":\"https:\\\/\\\/maengelmanagement-software.de\\\/wp-content\\\/uploads\\\/2026\\\/02\\\/cropped-Vericonda_mms-Logo.png\",\"contentUrl\":\"https:\\\/\\\/maengelmanagement-software.de\\\/wp-content\\\/uploads\\\/2026\\\/02\\\/cropped-Vericonda_mms-Logo.png\",\"width\":210,\"height\":77,\"caption\":\"MMS - M\u00e4ngelmanagement mit System\"},\"image\":{\"@id\":\"https:\\\/\\\/maengelmanagement-software.de\\\/#\\\/schema\\\/logo\\\/image\\\/\"}}]}<\/script>\n<!-- \/ Yoast SEO plugin. -->","yoast_head_json":{"title":"Kontakt - MMS - M\u00e4ngelmanagement mit System","description":"Wie k\u00f6nnen wir Ihnen weiterhelfen? Haben Sie Fragen oder Anregungen zur M\u00e4ngelmanagement-Software mms? Dann freuen wir uns auf Ihre Nachricht.","robots":{"index":"index","follow":"follow","max-snippet":"max-snippet:-1","max-image-preview":"max-image-preview:large","max-video-preview":"max-video-preview:-1"},"canonical":"https:\/\/maengelmanagement-software.de\/index.php\/kontakt\/","og_locale":"de_DE","og_type":"article","og_title":"Kontakt - MMS - M\u00e4ngelmanagement mit System","og_description":"Wie k\u00f6nnen wir Ihnen weiterhelfen? Haben Sie Fragen oder Anregungen zur M\u00e4ngelmanagement-Software mms? Dann freuen wir uns auf Ihre Nachricht.","og_url":"https:\/\/maengelmanagement-software.de\/index.php\/kontakt\/","og_site_name":"MMS - M\u00e4ngelmanagement mit System","article_modified_time":"2022-11-01T13:04:44+00:00","twitter_card":"summary_large_image","twitter_misc":{"Gesch\u00e4tzte Lesezeit":"1\u00a0Minute"},"schema":{"@context":"https:\/\/schema.org","@graph":[{"@type":"WebPage","@id":"https:\/\/maengelmanagement-software.de\/index.php\/kontakt\/","url":"https:\/\/maengelmanagement-software.de\/index.php\/kontakt\/","name":"Kontakt - MMS - M\u00e4ngelmanagement mit System","isPartOf":{"@id":"https:\/\/maengelmanagement-software.de\/#website"},"datePublished":"2021-03-03T09:03:30+00:00","dateModified":"2022-11-01T13:04:44+00:00","description":"Wie k\u00f6nnen wir Ihnen weiterhelfen? Haben Sie Fragen oder Anregungen zur M\u00e4ngelmanagement-Software mms? Dann freuen wir uns auf Ihre Nachricht.","breadcrumb":{"@id":"https:\/\/maengelmanagement-software.de\/index.php\/kontakt\/#breadcrumb"},"inLanguage":"de","potentialAction":[{"@type":"ReadAction","target":["https:\/\/maengelmanagement-software.de\/index.php\/kontakt\/"]}]},{"@type":"BreadcrumbList","@id":"https:\/\/maengelmanagement-software.de\/index.php\/kontakt\/#breadcrumb","itemListElement":[{"@type":"ListItem","position":1,"name":"Startseite","item":"https:\/\/maengelmanagement-software.de\/"},{"@type":"ListItem","position":2,"name":"Kontakt"}]},{"@type":"WebSite","@id":"https:\/\/maengelmanagement-software.de\/#website","url":"https:\/\/maengelmanagement-software.de\/","name":"MMS - M\u00e4ngelmanagement mit System","description":"","publisher":{"@id":"https:\/\/maengelmanagement-software.de\/#organization"},"potentialAction":[{"@type":"SearchAction","target":{"@type":"EntryPoint","urlTemplate":"https:\/\/maengelmanagement-software.de\/?s={search_term_string}"},"query-input":{"@type":"PropertyValueSpecification","valueRequired":true,"valueName":"search_term_string"}}],"inLanguage":"de"},{"@type":"Organization","@id":"https:\/\/maengelmanagement-software.de\/#organization","name":"MMS - M\u00e4ngelmanagement mit System","url":"https:\/\/maengelmanagement-software.de\/","logo":{"@type":"ImageObject","inLanguage":"de","@id":"https:\/\/maengelmanagement-software.de\/#\/schema\/logo\/image\/","url":"https:\/\/maengelmanagement-software.de\/wp-content\/uploads\/2026\/02\/cropped-Vericonda_mms-Logo.png","contentUrl":"https:\/\/maengelmanagement-software.de\/wp-content\/uploads\/2026\/02\/cropped-Vericonda_mms-Logo.png","width":210,"height":77,"caption":"MMS - M\u00e4ngelmanagement mit System"},"image":{"@id":"https:\/\/maengelmanagement-software.de\/#\/schema\/logo\/image\/"}}]}},"_links":{"self":[{"href":"https:\/\/maengelmanagement-software.de\/index.php\/wp-json\/wp\/v2\/pages\/35","targetHints":{"allow":["GET"]}}],"collection":[{"href":"https:\/\/maengelmanagement-software.de\/index.php\/wp-json\/wp\/v2\/pages"}],"about":[{"href":"https:\/\/maengelmanagement-software.de\/index.php\/wp-json\/wp\/v2\/types\/page"}],"author":[{"embeddable":true,"href":"https:\/\/maengelmanagement-software.de\/index.php\/wp-json\/wp\/v2\/users\/2"}],"replies":[{"embeddable":true,"href":"https:\/\/maengelmanagement-software.de\/index.php\/wp-json\/wp\/v2\/comments?post=35"}],"version-history":[{"count":18,"href":"https:\/\/maengelmanagement-software.de\/index.php\/wp-json\/wp\/v2\/pages\/35\/revisions"}],"predecessor-version":[{"id":1790,"href":"https:\/\/maengelmanagement-software.de\/index.php\/wp-json\/wp\/v2\/pages\/35\/revisions\/1790"}],"wp:attachment":[{"href":"https:\/\/maengelmanagement-software.de\/index.php\/wp-json\/wp\/v2\/media?parent=35"}],"curies":[{"name":"wp","href":"https:\/\/api.w.org\/{rel}","templated":true}]}}